790*c - j = -798*c. Calculate the remainder when c is divided by f.
2
Suppose 42 = 3*h + 5*w, -2*h + 63*w + 67 = 62*w. What is the remainder when 433 is divided by h?
27
Calculate the remainder when (-11862)/(-14) - 5 - (-32)/(-112) is divided by 273.
23
Suppose 0 = -90*g - 123*g + 77*g + 29376. Calculate the remainder when g is divided by 74.
68
Let j = 194 + -190. Suppose j*g - 92 = 4*f, 0 = -3*g - 0*f + 5*f + 69. What is the remainder when 68 is divided by g?
22
Suppose -5*k - 388 = -1093. Let m(u) = u**3 - 7*u**2 + 14*u - 102. What is the remainder when k is divided by m(8)?
67
Let i(c) = -18608*c**3 + 8*c**2 - 40*c - 43. Calculate the remainder when i(-1) is divided by 85.
83
Suppose 4*w - 9*w = -15. Suppose 2*h - 5*j - 57 = 0, -h + 2*j = -j - 31. Calculate the remainder when (-1 - w)/((-28)/322) is divided by h.
14
Let b = 2002 + -1441. What is the remainder when b is divided by 205?
151
Suppose q = 22 - 75. Let w = -48 - q. Let o = -24 - -31. Calculate the remainder when o is divided by w.
2
Suppose 5*k = 3*w + 3140, w = -55*k + 60*k - 3150. Calculate the remainder when k is divided by 79.
78
Let a = -76 + 91. Let q be (a/4)/((-12)/(-16)). Suppose -4*c - 36 = -16, q*c = -g. What is the remainder when g is divided by 10?
5
Let k = -334 + 627. Let q = -264 + k. Calculate the remainder when q is divided by 2.
1
Suppose 3079*o - 3083*o + 4352 = 0. Calculate the remainder when o is divided by 62.
34
Suppose -6*t + 172 = 34. Let g(p) = -p**3 + 22*p**2 + 23*p + 17. Calculate the remainder when 101 is divided by g(t).
16
Let n(h) = 3*h**2 + 122*h - 25. Let t(g) = g**2 - g. Let s be t(-3). Let a = 21 - s. What is the remainder when n(-41) is divided by a?
7
Let x = 753 + -756. What is the remainder when 470 is divided by (-2)/4*(-161 - x)?
75
Let u be (-1877)/(105/(-14) - -7). Suppose -6*b + 212 + u = 0. What is the remainder when b is divided by 51?
49
Suppose 4*v = -6 + 14. Suppose -8*l + 5*l = -4*k - 302, -4*l + 388 = v*k. Calculate the remainder when l is divided by 50.
48
Let m = -18203 + 18377. Calculate the remainder when m is divided by 62.
50
Let l be (-261)/(-12) + (-3)/4 + -3. Suppose -x = 2*x - 2*g - 92, 185 = 5*x + 3*g. What is the remainder when x is divided by 275/15 + -4 + 84/l?
15
Let l(w) = 6*w**2 - 102*w - 1028. Calculate the remainder when l(-10) is divided by 103.
77
Suppose 22*x - 23*x = -22*x + 7224. Calculate the remainder when x is divided by 133.
78
Let f(o) = 4*o**2 + 96*o - 158. Calculate the remainder when 218 is divided by f(-26).
18
Let l(w) = 3*w**2 + 30*w + 39. Let y(o) = -7*o**2 - 60*o - 80. Let j(p) = -5*l(p) - 2*y(p). Calculate the remainder when 106 is divided by j(-27).
14
Suppose 8881 = 146*s + 2749. Calculate the remainder when 402 is divided by s.
24
Suppose 2*w - 11 = 3. Let l = 69040 - 68986. What is the remainder when l is divided by w?
5
Let v = 5 + 0. Let z = 25 - v. Suppose -2*r = 4*j - 146, 3*j - 59 - 63 = r. Calculate the remainder when j is divided by z.
19
Suppose -329 = -11*c + 111. Calculate the remainder when 463 is divided by (c/50)/((-4)/(-80)).
15
Suppose 2*y - 212 = -0*y. Suppose -402 - 126 - 144 = -28*a. Calculate the remainder when y is divided by a.
10
Suppose -78*j - 14*j + 1814 = -7202. Calculate the remainder when j is divided by 19.
3
Let p = -1569 - -1637. Calculate the remainder when 255 is divided by p.
51
Suppose 4557 = 49*k - 294. Calculate the remainder when 1406 is divided by k.
20
What is the remainder when (-872)/(-218) - (-412)/1 is divided by 61?
50
Suppose 0 = -4*g + 5*l + 332, 3*g + 456 = -l + 686. What is the remainder when 1558 is divided by g?
76
Let l = -23 + 45. Suppose -5*b - 7 = -l. Suppose 2*t + 2*o = 70, t + b*o - 5*o = 26. What is the remainder when t is divided by 9?
5
Let h(o) = -2*o + 35. Let z be h(15). Let l = -23 + z. Let t = -11 - l. What is the remainder when 18 is divided by t?
4
Suppose 5663 = 39*j - 1105 - 8286. Calculate the remainder when j is divided by 4.
2
Let d = 7 + -15. Calculate the remainder when (-28)/(-1)*(-7 + 9) is divided by 1/((d/(-116))/2).
27
Let j be (126 - -14)/(2/10). Suppose -14*d - 6*d = -j. Suppose -5*z = -65 + d. Calculate the remainder when 33 is divided by z.
3
Suppose 63 = 6*q + 483. Calculate the remainder when ((7 - 3) + -2)*(3 + 23) is divided by (-12)/2*q/30.
10
Suppose 0 = -4*a - 3*f + 1007, 1257 = 11*a - 6*a + 2*f. Let b = a - 214. Suppose 51 = k - 22. What is the remainder when k is divided by b?
36
Calculate the remainder when 174 is divided by -10 - -10 - -44 - (-6)/(-1).
22
Let a = -98 - -47. Let g = -20 - a. Suppose -92*o + 101*o - 153 = 0. What is the remainder when g is divided by o?
14
Let j be 9 - 3/(-6)*4 - -3. Suppose 0 = -o + 6*o - 65. Let c = j + o. Calculate the remainder when c is divided by 10.
7
Suppose -12*b = -17*b + 150. Let z = b - 9. Let l(p) = -5*p + 5. What is the remainder when l(-7) is divided by z?
19
Suppose 4*k = -3*u + 240, 4*k + k = 3*u + 327. Calculate the remainder when 89 is divided by k.
26
Let t be 422/(-8)*(-28 + 32). Let s = -199 - t. Calculate the remainder when 131 is divided by s.
11
Suppose 14*i - 3317 - 2541 = -15*i. Calculate the remainder when 1208 is divided by i.
198
Let c = -9377 + 9432. What is the remainder when 389 is divided by c?
4
Suppose -18*v + 167 = -p - 15*v, 3*p + 4*v = -540. Let j = p + 191. What is the remainder when 88 is divided by j?
13
Suppose -5*w + 4*u + 23 = 0, -3*u - 2*u = -4*w + 22. Suppose -w*a - 2 = -83. Calculate the remainder when (-2)/((-21274)/7953 - (-8)/3) is divided by a.
25
Let o be -4*((-15)/10 + 1). Suppose 0 = -o*t + 5*r + 44, -2*t + 0*r = -2*r - 56. Calculate the remainder when 33 is divided by t.
1
Suppose 8091 = -8*h + 11251. What is the remainder when h is divided by 57?
53
Suppose 1244 = 1064*u - 1060*u. Calculate the remainder when u is divided by 55.
36
Suppose 235*v = -52*v + 9758. Calculate the remainder when 1932 is divided by v.
28
Suppose 3*n - 23 = -5*j + 78, -3*n = -4*j - 92. What is the remainder when n - (-10)/(5 - 0) is divided by 35/3 + 6/18?
10
Let g = -7458 - -7620. What is the remainder when g is divided by 42?
36
Let b = -3157 - -3265. Calculate the remainder when 10581 is divided by b.
105
Let s = 1760 - 1714. What is the remainder when 117 is divided by s?
25
Let l(a) = 3*a**2 - 3*a - 51. Let k be l(-7). What is the remainder when (-2)/(-13) - (0 + (-49941)/k) is divided by 39?
37
Let a(x) = 15*x + 191. Let r = 350 + -361. What is the remainder when 95 is divided by a(r)?
17
Let h(s) = 85*s**2 + 4*s - 4. Let r be h(1). Let b = 103 - r. Calculate the remainder when 67 is divided by b.
13
Let f be ((-1)/(-2))/(2/(-76)). Let i = f + 39. Suppose -72*g + 322 = -68*g - t, -3*g = -2*t - 249. Calculate the remainder when g is divided by i.
19
Suppose 27*a - 783 = -2*a. Let d(x) = -9*x**3 - x**2 - x - 1. Let n be d(-2). Let j = n - -11. Calculate the remainder when j is divided by a.
26
Suppose 4*a - 4*a = -4*a. Suppose a = 2*y - 95 - 13. Suppose 2*f = -f + y. What is the remainder when 71 is divided by f?
17
Suppose w + 4*w - 45 = 0. Let p be -21*(2 + -10 + -2). Suppose 8*s - p = 206. What is the remainder when s is divided by w?
7
Let r = 144 + -131. Suppose -6 = 6*l - 4*l. What is the remainder when (l + (-5)/(-2))*-98 is divided by r?
10
Suppose 0 = -0*h + 2*h - 8. Let d(z) = z**2 + 4*z - 5. Calculate the remainder when d(2) is divided by (-60)/(-14) + h/(-14).
3
Let s = 100 - 92. Calculate the remainder when 92 is divided by ((-16)/s)/(8/(-76)).
16
Suppose -327*c = -38*c + 8*c - 51678. What is the remainder when 412 is divided by c?
64
Suppose -2*i = -3*r - 760, -37*i + 34*i + 4*r + 1141 = 0. Calculate the remainder when i is divided by 24.
23
Calculate the remainder when ((-93366)/252)/((1*-2)/4) is divided by 62.
59
Suppose 4*g + 3*c = 56, g - 4*c - c - 37 = 0. Suppose 0*l + 22 = 2*w + 5*l, -3*w - g = -5*l. Calculate the remainder when w + -2 + -3 + 91 is divided by 30.
27
Suppose 0 = 2*b + 3*n - 3, n = -6 + 1. Calculate the remainder when 4096/56 + -4 + (-102)/(-21) + -2 is divided by b.
0
Let g(z) = 20*z + 18 + 46 + 14. What is the remainder when g(6) is divided by 50?
48
Suppose -5*u - v + 3 = 0, 4*u - 3*v = v - 12. Suppose 2*q - 26 - 10 = u. Calculate the remainder when q is divided by 10.
8
Let m be ((